{"id":16878,"date":"2026-02-24T12:46:57","date_gmt":"2026-02-24T12:46:57","guid":{"rendered":"https:\/\/drpabloifran.com\/?post_type=product&#038;p=16878"},"modified":"2026-03-02T13:47:33","modified_gmt":"2026-03-02T13:47:33","slug":"evaluacion-cosmetologica","status":"publish","type":"product","link":"https:\/\/drpabloifran.com\/pt-br\/producto\/evaluacion-cosmetologica\/","title":{"rendered":"Evaluaci\u00f3n cosmetol\u00f3gica"},"content":{"rendered":"<div class=\"modality-header\">\n<h3 class=\"modality-title\">Consulta Cosmetol\u00f3gica<\/h3>\n<p class=\"modality-duration\">~45\u201360 minutos<\/p>\n<\/div>\n<p class=\"modality-for\">Para quien busca mejorar la salud y apariencia de su piel a trav\u00e9s de tratamientos no m\u00e9dicos, realizados por una profesional especializada en cosmetolog\u00eda.<\/p>\n<div class=\"modality-section-title\">Incluye<\/div>\n<ul class=\"modality-list\">\n<li class=\"whitespace-normal break-words pl-2\">Anamnesis orientada al estado actual de la piel y objetivos del tratamiento<\/li>\n<li class=\"whitespace-normal break-words pl-2\">Evaluaci\u00f3n del tipo y condici\u00f3n de piel<\/li>\n<li class=\"whitespace-normal break-words pl-2\">Tratamiento seleccionado seg\u00fan indicaci\u00f3n: limpieza facial, peeling, dermapen, radiofrecuencia o tratamiento corporal<\/li>\n<li class=\"whitespace-normal break-words pl-2\">Recomendaciones de cuidado domiciliario y rutina de skincare<\/li>\n<\/ul>\n<div class=\"modality-section-title\">No incluye<\/div>\n<p class=\"modality-not-included\">Diagn\u00f3stico m\u00e9dico, prescripci\u00f3n de tratamientos farmacol\u00f3gicos, evaluaci\u00f3n de lesiones dermatol\u00f3gicas ni planificaci\u00f3n est\u00e9tica integral.<\/p>\n","protected":false},"excerpt":{"rendered":"<p>Consulta Cosmetol\u00f3gica ~45\u201360 minutos Para quien busca mejorar la salud y apariencia de su piel a trav\u00e9s de tratamientos no m\u00e9dicos, realizados por una profesional especializada en cosmetolog\u00eda. Incluye Anamnesis orientada al estado actual de la piel y objetivos del tratamiento Evaluaci\u00f3n del tipo y condici\u00f3n de piel Tratamiento seleccionado seg\u00fan indicaci\u00f3n: limpieza facial, peeling, [&hellip;]<\/p>\n","protected":false},"featured_media":11011,"template":"","meta":[],"product_brand":[],"product_cat":[171],"product_tag":[],"class_list":{"0":"post-16878","1":"product","2":"type-product","3":"status-publish","4":"has-post-thumbnail","6":"product_cat-consulta","8":"first","9":"instock","10":"shipping-taxable","11":"purchasable","12":"product-type-simple"},"yoast_head":"<!-- This site is optimized with the Yoast SEO plugin v26.9 - https:\/\/yoast.com\/product\/yoast-seo-wordpress\/ -->\n<title>Evaluaci\u00f3n cosmetol\u00f3gica - Dr. Pablo Ifr\u00e1n<\/title>\n<meta name=\"robots\" content=\"index, follow, max-snippet:-1, max-image-preview:large, max-video-preview:-1\" \/>\n<link rel=\"canonical\" href=\"https:\/\/drpabloifran.com\/pt-br\/producto\/evaluacion-cosmetologica\/\" \/>\n<meta property=\"og:locale\" content=\"pt_BR\" \/>\n<meta property=\"og:type\" content=\"article\" \/>\n<meta property=\"og:title\" content=\"Evaluaci\u00f3n cosmetol\u00f3gica - Dr. Pablo Ifr\u00e1n\" \/>\n<meta property=\"og:description\" content=\"Consulta Cosmetol\u00f3gica ~45\u201360 minutos Para quien busca mejorar la salud y apariencia de su piel a trav\u00e9s de tratamientos no m\u00e9dicos, realizados por una profesional especializada en cosmetolog\u00eda. Incluye Anamnesis orientada al estado actual de la piel y objetivos del tratamiento Evaluaci\u00f3n del tipo y condici\u00f3n de piel Tratamiento seleccionado seg\u00fan indicaci\u00f3n: limpieza facial, peeling, [&hellip;]\" \/>\n<meta property=\"og:url\" content=\"https:\/\/drpabloifran.com\/pt-br\/producto\/evaluacion-cosmetologica\/\" \/>\n<meta property=\"og:site_name\" content=\"Dr. Pablo Ifr\u00e1n\" \/>\n<meta property=\"article:publisher\" content=\"https:\/\/facebook.com\/drpabloifran\" \/>\n<meta property=\"article:modified_time\" content=\"2026-03-02T13:47:33+00:00\" \/>\n<meta property=\"og:image\" content=\"https:\/\/drpabloifran.com\/wp-content\/uploads\/2021\/09\/icono-negro.png\" \/>\n\t<meta property=\"og:image:width\" content=\"1500\" \/>\n\t<meta property=\"og:image:height\" content=\"1501\" \/>\n\t<meta property=\"og:image:type\" content=\"image\/png\" \/>\n<meta name=\"twitter:card\" content=\"summary_large_image\" \/>\n<meta name=\"twitter:label1\" content=\"Est. tempo de leitura\" \/>\n\t<meta name=\"twitter:data1\" content=\"1 minuto\" \/>\n<script type=\"application\/ld+json\" class=\"yoast-schema-graph\">{\"@context\":\"https:\/\/schema.org\",\"@graph\":[{\"@type\":\"WebPage\",\"@id\":\"https:\/\/drpabloifran.com\/pt-br\/producto\/evaluacion-cosmetologica\/\",\"url\":\"https:\/\/drpabloifran.com\/pt-br\/producto\/evaluacion-cosmetologica\/\",\"name\":\"Evaluaci\u00f3n cosmetol\u00f3gica - Dr. Pablo Ifr\u00e1n\",\"isPartOf\":{\"@id\":\"https:\/\/drpabloifran.com\/pt-br\/#website\"},\"primaryImageOfPage\":{\"@id\":\"https:\/\/drpabloifran.com\/pt-br\/producto\/evaluacion-cosmetologica\/#primaryimage\"},\"image\":{\"@id\":\"https:\/\/drpabloifran.com\/pt-br\/producto\/evaluacion-cosmetologica\/#primaryimage\"},\"thumbnailUrl\":\"https:\/\/drpabloifran.com\/wp-content\/uploads\/2021\/09\/icono-negro.png\",\"datePublished\":\"2026-02-24T12:46:57+00:00\",\"dateModified\":\"2026-03-02T13:47:33+00:00\",\"breadcrumb\":{\"@id\":\"https:\/\/drpabloifran.com\/pt-br\/producto\/evaluacion-cosmetologica\/#breadcrumb\"},\"inLanguage\":\"pt-BR\",\"potentialAction\":[{\"@type\":\"ReadAction\",\"target\":[\"https:\/\/drpabloifran.com\/pt-br\/producto\/evaluacion-cosmetologica\/\"]}]},{\"@type\":\"ImageObject\",\"inLanguage\":\"pt-BR\",\"@id\":\"https:\/\/drpabloifran.com\/pt-br\/producto\/evaluacion-cosmetologica\/#primaryimage\",\"url\":\"https:\/\/drpabloifran.com\/wp-content\/uploads\/2021\/09\/icono-negro.png\",\"contentUrl\":\"https:\/\/drpabloifran.com\/wp-content\/uploads\/2021\/09\/icono-negro.png\",\"width\":1500,\"height\":1501},{\"@type\":\"BreadcrumbList\",\"@id\":\"https:\/\/drpabloifran.com\/pt-br\/producto\/evaluacion-cosmetologica\/#breadcrumb\",\"itemListElement\":[{\"@type\":\"ListItem\",\"position\":1,\"name\":\"Portada\",\"item\":\"https:\/\/drpabloifran.com\/pt-br\/principio\/\"},{\"@type\":\"ListItem\",\"position\":2,\"name\":\"Tienda\",\"item\":\"https:\/\/drpabloifran.com\/tienda\/\"},{\"@type\":\"ListItem\",\"position\":3,\"name\":\"Evaluaci\u00f3n cosmetol\u00f3gica\"}]},{\"@type\":\"WebSite\",\"@id\":\"https:\/\/drpabloifran.com\/pt-br\/#website\",\"url\":\"https:\/\/drpabloifran.com\/pt-br\/\",\"name\":\"Dr. Pablo Ifr\u00e1n\",\"description\":\"Medicina est\u00e9tica avanzada\",\"publisher\":{\"@id\":\"https:\/\/drpabloifran.com\/pt-br\/#organization\"},\"potentialAction\":[{\"@type\":\"SearchAction\",\"target\":{\"@type\":\"EntryPoint\",\"urlTemplate\":\"https:\/\/drpabloifran.com\/pt-br\/?s={search_term_string}\"},\"query-input\":{\"@type\":\"PropertyValueSpecification\",\"valueRequired\":true,\"valueName\":\"search_term_string\"}}],\"inLanguage\":\"pt-BR\"},{\"@type\":\"Organization\",\"@id\":\"https:\/\/drpabloifran.com\/pt-br\/#organization\",\"name\":\"Dr. Pablo Ifr\u00e1n\",\"url\":\"https:\/\/drpabloifran.com\/pt-br\/\",\"logo\":{\"@type\":\"ImageObject\",\"inLanguage\":\"pt-BR\",\"@id\":\"https:\/\/drpabloifran.com\/pt-br\/#\/schema\/logo\/image\/\",\"url\":\"https:\/\/drpabloifran.com\/wp-content\/uploads\/2026\/02\/2.png\",\"contentUrl\":\"https:\/\/drpabloifran.com\/wp-content\/uploads\/2026\/02\/2.png\",\"width\":500,\"height\":500,\"caption\":\"Dr. Pablo Ifr\u00e1n\"},\"image\":{\"@id\":\"https:\/\/drpabloifran.com\/pt-br\/#\/schema\/logo\/image\/\"},\"sameAs\":[\"https:\/\/facebook.com\/drpabloifran\",\"https:\/\/instagram.com\/drpabloifran\"]}]}<\/script>\n<!-- \/ Yoast SEO plugin. -->","yoast_head_json":{"title":"Evaluaci\u00f3n cosmetol\u00f3gica - Dr. Pablo Ifr\u00e1n","robots":{"index":"index","follow":"follow","max-snippet":"max-snippet:-1","max-image-preview":"max-image-preview:large","max-video-preview":"max-video-preview:-1"},"canonical":"https:\/\/drpabloifran.com\/pt-br\/producto\/evaluacion-cosmetologica\/","og_locale":"pt_BR","og_type":"article","og_title":"Evaluaci\u00f3n cosmetol\u00f3gica - Dr. Pablo Ifr\u00e1n","og_description":"Consulta Cosmetol\u00f3gica ~45\u201360 minutos Para quien busca mejorar la salud y apariencia de su piel a trav\u00e9s de tratamientos no m\u00e9dicos, realizados por una profesional especializada en cosmetolog\u00eda. Incluye Anamnesis orientada al estado actual de la piel y objetivos del tratamiento Evaluaci\u00f3n del tipo y condici\u00f3n de piel Tratamiento seleccionado seg\u00fan indicaci\u00f3n: limpieza facial, peeling, [&hellip;]","og_url":"https:\/\/drpabloifran.com\/pt-br\/producto\/evaluacion-cosmetologica\/","og_site_name":"Dr. Pablo Ifr\u00e1n","article_publisher":"https:\/\/facebook.com\/drpabloifran","article_modified_time":"2026-03-02T13:47:33+00:00","og_image":[{"width":1500,"height":1501,"url":"https:\/\/drpabloifran.com\/wp-content\/uploads\/2021\/09\/icono-negro.png","type":"image\/png"}],"twitter_card":"summary_large_image","twitter_misc":{"Est. tempo de leitura":"1 minuto"},"schema":{"@context":"https:\/\/schema.org","@graph":[{"@type":"WebPage","@id":"https:\/\/drpabloifran.com\/pt-br\/producto\/evaluacion-cosmetologica\/","url":"https:\/\/drpabloifran.com\/pt-br\/producto\/evaluacion-cosmetologica\/","name":"Evaluaci\u00f3n cosmetol\u00f3gica - Dr. Pablo Ifr\u00e1n","isPartOf":{"@id":"https:\/\/drpabloifran.com\/pt-br\/#website"},"primaryImageOfPage":{"@id":"https:\/\/drpabloifran.com\/pt-br\/producto\/evaluacion-cosmetologica\/#primaryimage"},"image":{"@id":"https:\/\/drpabloifran.com\/pt-br\/producto\/evaluacion-cosmetologica\/#primaryimage"},"thumbnailUrl":"https:\/\/drpabloifran.com\/wp-content\/uploads\/2021\/09\/icono-negro.png","datePublished":"2026-02-24T12:46:57+00:00","dateModified":"2026-03-02T13:47:33+00:00","breadcrumb":{"@id":"https:\/\/drpabloifran.com\/pt-br\/producto\/evaluacion-cosmetologica\/#breadcrumb"},"inLanguage":"pt-BR","potentialAction":[{"@type":"ReadAction","target":["https:\/\/drpabloifran.com\/pt-br\/producto\/evaluacion-cosmetologica\/"]}]},{"@type":"ImageObject","inLanguage":"pt-BR","@id":"https:\/\/drpabloifran.com\/pt-br\/producto\/evaluacion-cosmetologica\/#primaryimage","url":"https:\/\/drpabloifran.com\/wp-content\/uploads\/2021\/09\/icono-negro.png","contentUrl":"https:\/\/drpabloifran.com\/wp-content\/uploads\/2021\/09\/icono-negro.png","width":1500,"height":1501},{"@type":"BreadcrumbList","@id":"https:\/\/drpabloifran.com\/pt-br\/producto\/evaluacion-cosmetologica\/#breadcrumb","itemListElement":[{"@type":"ListItem","position":1,"name":"Portada","item":"https:\/\/drpabloifran.com\/pt-br\/principio\/"},{"@type":"ListItem","position":2,"name":"Tienda","item":"https:\/\/drpabloifran.com\/tienda\/"},{"@type":"ListItem","position":3,"name":"Evaluaci\u00f3n cosmetol\u00f3gica"}]},{"@type":"WebSite","@id":"https:\/\/drpabloifran.com\/pt-br\/#website","url":"https:\/\/drpabloifran.com\/pt-br\/","name":"Dr. Pablo Ifr\u00e1n","description":"Medicina est\u00e9tica avanzada","publisher":{"@id":"https:\/\/drpabloifran.com\/pt-br\/#organization"},"potentialAction":[{"@type":"SearchAction","target":{"@type":"EntryPoint","urlTemplate":"https:\/\/drpabloifran.com\/pt-br\/?s={search_term_string}"},"query-input":{"@type":"PropertyValueSpecification","valueRequired":true,"valueName":"search_term_string"}}],"inLanguage":"pt-BR"},{"@type":"Organization","@id":"https:\/\/drpabloifran.com\/pt-br\/#organization","name":"Dr. Pablo Ifr\u00e1n","url":"https:\/\/drpabloifran.com\/pt-br\/","logo":{"@type":"ImageObject","inLanguage":"pt-BR","@id":"https:\/\/drpabloifran.com\/pt-br\/#\/schema\/logo\/image\/","url":"https:\/\/drpabloifran.com\/wp-content\/uploads\/2026\/02\/2.png","contentUrl":"https:\/\/drpabloifran.com\/wp-content\/uploads\/2026\/02\/2.png","width":500,"height":500,"caption":"Dr. Pablo Ifr\u00e1n"},"image":{"@id":"https:\/\/drpabloifran.com\/pt-br\/#\/schema\/logo\/image\/"},"sameAs":["https:\/\/facebook.com\/drpabloifran","https:\/\/instagram.com\/drpabloifran"]}]}},"_links":{"self":[{"href":"https:\/\/drpabloifran.com\/pt-br\/wp-json\/wp\/v2\/product\/16878","targetHints":{"allow":["GET"]}}],"collection":[{"href":"https:\/\/drpabloifran.com\/pt-br\/wp-json\/wp\/v2\/product"}],"about":[{"href":"https:\/\/drpabloifran.com\/pt-br\/wp-json\/wp\/v2\/types\/product"}],"wp:featuredmedia":[{"embeddable":true,"href":"https:\/\/drpabloifran.com\/pt-br\/wp-json\/wp\/v2\/media\/11011"}],"wp:attachment":[{"href":"https:\/\/drpabloifran.com\/pt-br\/wp-json\/wp\/v2\/media?parent=16878"}],"wp:term":[{"taxonomy":"product_brand","embeddable":true,"href":"https:\/\/drpabloifran.com\/pt-br\/wp-json\/wp\/v2\/product_brand?post=16878"},{"taxonomy":"product_cat","embeddable":true,"href":"https:\/\/drpabloifran.com\/pt-br\/wp-json\/wp\/v2\/product_cat?post=16878"},{"taxonomy":"product_tag","embeddable":true,"href":"https:\/\/drpabloifran.com\/pt-br\/wp-json\/wp\/v2\/product_tag?post=16878"}],"curies":[{"name":"wp","href":"https:\/\/api.w.org\/{rel}","templated":true}]}}

Evaluación cosmetológica

<div class="modality-header">
<h3 class="modality-title">Consulta Cosmetológica</h3>
<p class="modality-duration">~45–60 minutos</p>
</div>
<p class="modality-for">Para quien busca mejorar la salud y apariencia de su piel a través de tratamientos no médicos, realizados por una profesional especializada en cosmetología.</p>
<div class="modality-section-title">Incluye</div>
<ul class="modality-list">
<li class="whitespace-normal break-words pl-2">Anamnesis orientada al estado actual de la piel y objetivos del tratamiento</li>
<li class="whitespace-normal break-words pl-2">Evaluación del tipo y condición de piel</li>
<li class="whitespace-normal break-words pl-2">Tratamiento seleccionado según indicación: limpieza facial, peeling, dermapen, radiofrecuencia o tratamiento corporal</li>
<li class="whitespace-normal break-words pl-2">Recomendaciones de cuidado domiciliario y rutina de skincare</li>
</ul>
<div class="modality-section-title">No incluye</div>
<p class="modality-not-included">Diagnóstico médico, prescripción de tratamientos farmacológicos, evaluación de lesiones dermatológicas ni planificación estética integral.</p>

<p>Consulta Cosmetológica ~45–60 minutos Para quien busca mejorar la salud y apariencia de su piel a través de tratamientos no médicos, realizados por una profesional especializada en cosmetología. Incluye Anamnesis orientada al estado actual de la piel y objetivos del tratamiento Evaluación del tipo y condición de piel Tratamiento seleccionado según indicación: limpieza facial, peeling, [&hellip;]</p>

<!-- This site is optimized with the Yoast SEO plugin v26.9 - https://yoast.com/product/yoast-seo-wordpress/ -->
<title>Evaluación cosmetológica - Dr. Pablo Ifrán</title>
<meta name="robots" content="index, follow, max-snippet:-1, max-image-preview:large, max-video-preview:-1" />
<link rel="canonical" href="https://drpabloifran.com/pt-br/producto/evaluacion-cosmetologica/" />
<meta property="og:locale" content="pt_BR" />
<meta property="og:type" content="article" />
<meta property="og:title" content="Evaluación cosmetológica - Dr. Pablo Ifrán" />
<meta property="og:description" content="Consulta Cosmetológica ~45–60 minutos Para quien busca mejorar la salud y apariencia de su piel a través de tratamientos no médicos, realizados por una profesional especializada en cosmetología. Incluye Anamnesis orientada al estado actual de la piel y objetivos del tratamiento Evaluación del tipo y condición de piel Tratamiento seleccionado según indicación: limpieza facial, peeling, [&hellip;]" />
<meta property="og:url" content="https://drpabloifran.com/pt-br/producto/evaluacion-cosmetologica/" />
<meta property="og:site_name" content="Dr. Pablo Ifrán" />
<meta property="article:publisher" content="https://facebook.com/drpabloifran" />
<meta property="article:modified_time" content="2026-03-02T13:47:33+00:00" />
<meta property="og:image" content="https://drpabloifran.com/wp-content/uploads/2021/09/icono-negro.png" />
	<meta property="og:image:width" content="1500" />
	<meta property="og:image:height" content="1501" />
	<meta property="og:image:type" content="image/png" />
<meta name="twitter:card" content="summary_large_image" />
<meta name="twitter:label1" content="Est. tempo de leitura" />
	<meta name="twitter:data1" content="1 minuto" />
<script type="application/ld+json" class="yoast-schema-graph">{"@context":"https://schema.org","@graph":[{"@type":"WebPage","@id":"https://drpabloifran.com/pt-br/producto/evaluacion-cosmetologica/","url":"https://drpabloifran.com/pt-br/producto/evaluacion-cosmetologica/","name":"Evaluación cosmetológica - Dr. Pablo Ifrán","isPartOf":{"@id":"https://drpabloifran.com/pt-br/#website"},"primaryImageOfPage":{"@id":"https://drpabloifran.com/pt-br/producto/evaluacion-cosmetologica/#primaryimage"},"image":{"@id":"https://drpabloifran.com/pt-br/producto/evaluacion-cosmetologica/#primaryimage"},"thumbnailUrl":"https://drpabloifran.com/wp-content/uploads/2021/09/icono-negro.png","datePublished":"2026-02-24T12:46:57+00:00","dateModified":"2026-03-02T13:47:33+00:00","breadcrumb":{"@id":"https://drpabloifran.com/pt-br/producto/evaluacion-cosmetologica/#breadcrumb"},"inLanguage":"pt-BR","potentialAction":[{"@type":"ReadAction","target":["https://drpabloifran.com/pt-br/producto/evaluacion-cosmetologica/"]}]},{"@type":"ImageObject","inLanguage":"pt-BR","@id":"https://drpabloifran.com/pt-br/producto/evaluacion-cosmetologica/#primaryimage","url":"https://drpabloifran.com/wp-content/uploads/2021/09/icono-negro.png","contentUrl":"https://drpabloifran.com/wp-content/uploads/2021/09/icono-negro.png","width":1500,"height":1501},{"@type":"BreadcrumbList","@id":"https://drpabloifran.com/pt-br/producto/evaluacion-cosmetologica/#breadcrumb","itemListElement":[{"@type":"ListItem","position":1,"name":"Portada","item":"https://drpabloifran.com/pt-br/principio/"},{"@type":"ListItem","position":2,"name":"Tienda","item":"https://drpabloifran.com/tienda/"},{"@type":"ListItem","position":3,"name":"Evaluación cosmetológica"}]},{"@type":"WebSite","@id":"https://drpabloifran.com/pt-br/#website","url":"https://drpabloifran.com/pt-br/","name":"Dr. Pablo Ifrán","description":"Medicina estética avanzada","publisher":{"@id":"https://drpabloifran.com/pt-br/#organization"},"potentialAction":[{"@type":"SearchAction","target":{"@type":"EntryPoint","urlTemplate":"https://drpabloifran.com/pt-br/?s={search_term_string}"},"query-input":{"@type":"PropertyValueSpecification","valueRequired":true,"valueName":"search_term_string"}}],"inLanguage":"pt-BR"},{"@type":"Organization","@id":"https://drpabloifran.com/pt-br/#organization","name":"Dr. Pablo Ifrán","url":"https://drpabloifran.com/pt-br/","logo":{"@type":"ImageObject","inLanguage":"pt-BR","@id":"https://drpabloifran.com/pt-br/#/schema/logo/image/","url":"https://drpabloifran.com/wp-content/uploads/2026/02/2.png","contentUrl":"https://drpabloifran.com/wp-content/uploads/2026/02/2.png","width":500,"height":500,"caption":"Dr. Pablo Ifrán"},"image":{"@id":"https://drpabloifran.com/pt-br/#/schema/logo/image/"},"sameAs":["https://facebook.com/drpabloifran","https://instagram.com/drpabloifran"]}]}</script>
<!-- / Yoast SEO plugin. -->

Evaluación cosmetológica - Dr. Pablo Ifrán

Consulta Cosmetológica ~45–60 minutos Para quien busca mejorar la salud y apariencia de su piel a través de tratamientos no médicos, realizados por una profesional especializada en cosmetología. Incluye Anamnesis orientada al estado actual de la piel y objetivos del tratamiento Evaluación del tipo y condición de piel Tratamiento seleccionado según indicación: limpieza facial, peeling, [&hellip;]

Dr. Pablo Ifrán

Medicina estética avanzada
